- 21*b**2 - 18*b + 48. Give s(-20).
8
Let l(r) = 587*r + 2350. Give l(-4).
2
Let k(p) = 3*p**2 - 36*p + 146. Determine k(8).
50
Let o(g) = -6*g**2 - 83*g + 2165. Determine o(-27).
32
Let c(u) = 60*u - 293. What is c(5)?
7
Let n(x) = -14*x**2 + 2*x - 15. What is n(-3)?
-147
Let r(d) = -4*d**3 + 26*d**2 - 10*d - 17. Calculate r(6).
-5
Let m(o) = 83*o - 10. What is m(1)?
73
Let w(i) = -25*i**2 + 36*i + 44. Determine w(3).
-73
Let k(d) = -7*d**2 + 12*d + 3. Calculate k(6).
-177
Let y(l) = -2*l**3 - 4*l**2 + 19*l + 30. What is y(-4)?
18
Let c(t) = 85*t - 87. Calculate c(-2).
-257
Let d(o) = -2*o**3 - 62*o**2 - 60*o + 34. Calculate d(-30).
34
Let t(n) = 13*n**2 - 8*n - 17. Give t(-3).
124
Let l(m) = -2*m**3 + 9*m**2 + 11*m - 18. Give l(1).
0
Let a(n) = -4*n + 203. Give a(53).
-9
Let d(x) = 11*x + 391. Calculate d(-27).
94
Let n(m) = 788*m + 92196. Calculate n(-117).
0
Let t(d) = -3360*d + 107525. Calculate t(32).
5
Let f(r) = r**2 + 16*r + 50. Calculate f(-6).
-10
Let u(z) = 4*z**2 + 285*z - 1182. What is u(4)?
22
Let b(u) = -2*u**2 + 52*u - 27. Determine b(24).
69
Let m(w) = 61*w - 3257. Calculate m(51).
-146
Let o(v) = 2*v**3 - 35*v**2 + 116*v + 10. Calculate o(13).
-3
Let w(b) = 511*b - 148. Give w(0).
-148
Let r(b) = 15157*b - 30318. Determine r(2).
-4
Let q(a) = -17*a - 403. What is q(-33)?
158
Let l(b) = -54*b - 235. What is l(-4)?
-19
Let p(z) = -2*z**2 - 456*z - 2611. Calculate p(-6).
53
Let p(g) = -22*g - 41. Calculate p(8).
-217
Let z(h) = -318*h**3 + 2*h**2 - h - 2. Determine z(-1).
319
Let c(i) = i**3 - 9*i**2 + 43. Calculate c(0).
43
Let l(g) = 2*g**3 - 196*g**2 + 214*g - 20972. Calculate l(98).
0
Let u(k) = k**3 + 33*k**2 - 193*k - 130. Give u(-38).
-16
Let w(h) = 341*h + 6480. Determine w(-19).
1
Let z(f) = 34*f**2 - 210*f + 11. Calculate z(7).
207
Let p(u) = -546*u - 4368. Determine p(-8).
0
Let v(m) = 3163*m + 9495. Calculate v(-3).
6
Let z(d) = 5*d**3 + 120*d**2 - 31*d - 90. Calculate z(-24).
654
Let m(a) = 2*a**3 + 33*a**2 + 182*a + 2058. Determine m(-15).
3
Let x(a) = -129*a**2 - 1168*a - 20. Determine x(-9).
43
Let f(t) = 5*t**2 - 1145*t - 25. Give f(229).
-25
Let b(o) = 2644*o + 15865. Calculate b(-6).
1
Let j(g) = 10*g**2 - 11*g + 4. Give j(3).
61
Let m(o) = -5*o + 80. Give m(16).
0
Let r(l) = -366*l - 4371. Determine r(-12).
21
Let c(f) = f**3 - 48*f**2 + 249*f + 85. Determine c(42).
-41
Let q(a) = -21*a**2 - 200*a - 189. Determine q(-1).
-10
Let c(g) = g**3 + 38*g**2 - 45*g - 60. Give c(-39).
174
Let q(c) = -c**3 - 5*c**2 + 181*c + 896. Determine q(-5).
-9
Let i(k) = k**3 - 3*k**2 - 14*k - 24. What is i(-4)?
-80
Let i(j) = 8*j**2 + 139*j - 129. Give i(-18).
-39
Let f(u) = u**3 + 10*u**2 - u + 52. What is f(-8)?
188
Let l(r) = 4*r - 7. What is l(1)?
-3
Let l(d) = d**3 + 8*d**2 + 14*d + 32. Give l(-7).
-17
Let x(t) = t**3 + 3*t**2 - 37*t - 71. Calculate x(-2).
7
Let h(g) = g**3 - 15*g**2 - 31*g - 42. Determine h(17).
9
Let i(h) = -544*h + 545. Give i(1).
1
Let s(q) = -10*q**3 - 5*q**2 + 9*q + 6. What is s(1)?
0
Let q(j) = 2*j**2 - 226*j + 1740. What is q(8)?
60
Let g(n) = -2*n**2 - 80*n - 178. Determine g(-45).
-628
Let m(d) = 4*d**3 + 45*d**2 + 62*d + 138. What is m(-10)?
18
Let q(y) = 318*y**2 - 6*y - 6. Calculate q(-1).
318
Let m(i) = -i**2 + 76*i - 1440. Calculate m(38).
4
Let q(o) = -o**3 + 6*o**2 - 15*o + 251. Calculate q(8).
3
Let i(g) = -g**3 + 16*g**2 + 123*g - 1762. Give i(17).
40
Let r(p) = -p**3 + 335*p**2 + 654*p + 6734. What is r(337)?
-6
Let l(m) = -m**3 - 18*m**2 - 9*m + 144. Calculate l(-17).
8
Let d(a) = a**3 - 12*a**2 - 9*a + 53. Calculate d(13).
105
Let d(i) = 3*i**2 + 2*i + 2. Give d(-1).
3
Let j(m) = 4*m**3 - 31*m**2 + 3*m - 121. What is j(8)?
-33
Let z(r) = r**3 + 6*r**2 - 20*r + 40. Calculate z(-10).
-160
Let t(b) = 21*b**2 - 200*b + 252. Give t(8).
-4
Let v(h) = -58*h - 2788. Determine v(-48).
-4
Let c(s) = 3*s**3 - 391*s**2 + 122*s + 1041. What is c(130)?
1
Let u(m) = -m**3 - 113*m**2 + 161*m + 5340. What is u(-114)?
-18
Let l(d) = -5*d**2 + 14*d - 25. What is l(2)?
-17
Let f(r) = 13*r + 365. What is f(-23)?
66
Let q(a) = -4*a**2 + 46*a + 349. What is q(-7)?
-169
Let h(q) = -q**3 + 18*q**2 + 13*q. Determine h(19).
-114
Let k(r) = -35*r - 1782. Give k(-45).
-207
Let p(s) = s**3 - 78*s**2 + 151*s + 25. What is p(76)?
-51
Let y(r) = -r**2 + 73*r - 956. Give y(56).
-4
Let b(z) = -213*z - 2768. Calculate b(-13).
1
Let w(r) = -52*r - 4260. Give w(-82).
4
Let z(p) = 9*p**2 + 7*p - 60. Determine z(-3).
0
Let w(t) = -t**2 - 3377*t + 13524. Determine w(4).
0
Let h(y) = -y**3 - 54*y**2 - 677*y + 105. Determine h(-34).
3
Let n(g) = g**3 - 17*g**2 + 35*g - 265. What is n(7)?
-510
Let h(o) = -o**2 - 17*o + 44. What is h(-10)?
114
Let n(g) = 12*g**2 - g - 77. Calculate n(0).
-77
Let l(k) = 63*k - 3840. Calculate l(61).
3
Let w(p) = 25*p**2 - 75*p + 31. Determine w(3).
31
Let v(q) = q**3 + 10*q**2 + 29*q + 15. Give v(-4).
-5
Let r(u) = -4*u**3 + 34*u**2 - 122*u + 1. Give r(4).
-199
Let v(l) = 130*l - 103. Give v(2).
157
Let a(k) = -k**2 + 21*k - 44. What is a(12)?
64
Let a(d) = -2*d**2 + 298*d - 1437. Give a(144).
3
Let c(m) = -33*m + 2254. Determine c(61).
241
Let p(q) = 2*q**3 + 27*q**2 - 14*q - 235. Give p(-13).
116
Let y(l) = -36*l - 521. Give y(-15).
19
Let d(q) = 65*q. What is d(2)?
130
Let f(n) = n**3 - 17*n**2 + 21*n + 138. Calculate f(15).
3
Let p(r) = 2*r**3 + 35*r + 78. Determine p(-2).
-8
Let m(j) = 2*j**2 - 3*j - 68. Give m(10).
102
Let u(d) = -80*d - 475. Give u(-6).
5
Let w(x) = 34*x**2 + 90*x - 40. What is w(-3)?
-4
Let r(y) = 28*y**2 + 250*y - 286. Calculate r(-10).
14
Let b(t) = -t**3 - 3*t**2 + 36*t - 5. Determine b(-7).
-61
Let y(p) = 4*p**3 + 46*p**2 - 32*p - 13. Determine y(-12).
83
Let m(o) = 7*o**3 + 48*o**2 - 107*o - 714. What is m(-7)?
-14
Let o(k) = 66*k + 4614. Calculate o(-70).
-6
Let u(c) = -107*c - 212. Calculate u(-2).
2
Let r(u) = 12*u**3 - u**2 - 29*u - 29. Calculate r(-1).
-13
Let w(y) = -5*y**2 + 26*y + 64. Calculate w(7).
1
Let j(l) = l**3 - 5*l**2 - 19*l + 21. What is j(9)?
174
Let g(v) = 623*v + 3721. Determine g(-6).
-17
Let o(u) = 2*u**3 - 81*u**2 + 43*u - 129. Calculate o(40).
-9
Let m(q) = -q**2 + 182*q + 22348. Calculate m(266).
4
Let m(w) = 11*w**3 - 2*w**2 + 8*w + 30. Calculate m(-2).
-82
Let p(v) = 11*v + 337. Give p(-34).
-37
Let h(b) = -41*b - 4005. Calculate h(-99).
54
Let l(z) = -402*z + 6840. Determine l(17).
6
Let u(a) = -a**2 - 187*a + 1098. Calculate u(6).
-60
Let x(o) = 2*o**3 - 10*o + 13. Give x(4).
101
Let m(u) = u**3 - 18*u**2 + 55*u - 51. Give m(15).
99
Let f(s) = s**2 - 42*s + 539. Give f(19).
102
Let v(t) = -184*t + 3490. Give v(19).
-6
Let w(u) = 3*u**2 - 140*u - 346. What is w(49)?
-3
Let l(a) = -91*a + 89. Calculate l(5).
-366
Let v(u) = -39*u + 778. Calculate v(24).
-158
Let b(p) = 16*p**3 - p**2 - 16*p - 15. What is b(-1)?
-16
Let r(s) = -233*s + 11635. What is r(50)?
-15
Let o(m) = 12*m - 108. What is o(15)?
72
Let g(r) = 2*r + 181. Give g(13).
207
Let q(y) = 32*y**2 + 211*y + 106. Give q(-6).
-8
Let a(m) = 3*m**2 + 7*m - 1300. Give a(-22).
-2
Let f(i) = 7*i**3 - 1316*i**2 - 3*i + 568. Determine f(188).
4
Let v(k) = -k**3 + 3*k**2 + 19*k + 11. Calculate v(6).
17
Let j(u) = -u**2 + 8*u + 115. Calculate j(-8).
-13
Let v(n) = -n**3 + 60*n**2 - 2*n - 15. Determine v(60).
-135
Let c(w) = -w**2 - 27*w - 17. What is c(-29)?
-75
Let h(l) = -35*l - 264. Give h(-7).
-19
Let u(h) = -7*h**2 - 54*h - 1. Give u(-8).
-17
Let l(s) = 33964*s + 67933. What is l(-2)?
5
Let w(v) = -4*v**3 + 2*v**2 - 65*v + 207. Give w(3).
-78
Let z(j) = -58*j - 342. What is z(-5)?
-52
Let o(r) = 9*r**2 - 1496*r + 318. Give o(166).
-14
Let q(c) = -2*c**3 - 64*c**2 + 203*c - 8. Calculate q(-35).
237
Let a(k) = k**2 - 13*k - 12. Give a(6).
-54
Let p(d) = -18*d + 273. Give p(14).
21
Let o(a) = -558*a + 5061. Give o(9).
39
Let g(x) = 620*x - 12395. Determine g(20).
5
Let k(n) = -n**2 + 636*n - 6249. Give k(10).
11
Let t(r) = 11*r**2 - 71*r + 41. Calculate t(5).
-39
Let l(w) = 15*w**2 + 56*w - 8. What is l(-4)?
8
Let x(y) = 2*y**2 + 55*y - 278. Give x(4).
-26
Let i(x) = -2*x**2 - 7*x + 18. What is i(-4)?
14
Let w(o) = -o**2 + 225*o + 46. Give w(0).
46
Let z(s) = -5272*s + 5285. Determine z(1).
13
Let g(o) = -560*o + 13988. Give g(25).
-12
Let s(w) = -w**2 - 359*w + 5685. Calculate s(15).